(-27).
34
Let b(y) = -55*y - 141. Give b(-9).
354
Let l(n) = 2*n**3 - 74*n**2 - 82*n + 221. Calculate l(38).
-7
Let x(n) = 19*n + 39. Give x(-5).
-56
Let o(m) = -11*m**2 - 266*m - 46. Give o(-24).
2
Let b(y) = y**3 - 5*y**2 - 16*y + 61. Calculate b(3).
-5
Let u(y) = 504*y + 4045. Calculate u(-8).
13
Let i(c) = 42*c - 152. Give i(10).
268
Let l(c) = 74*c - 44. Give l(-2).
-192
Let r(f) = f**3 - 20*f**2 + 49*f + 15. Determine r(17).
-19
Let j(f) = -3*f**3 + 65*f**2 + 104*f - 265. Calculate j(23).
11
Let m(r) = -r**2 + 18*r + 490. What is m(33)?
-5
Let m(n) = -10*n**2 - 275*n + 1081. Give m(4).
-179
Let q(i) = i**2 + 27*i - 1870. What is q(31)?
-72
Let u(d) = -d**3 - 11*d**2 - 21*d - 111. Determine u(-9).
-84
Let k(l) = -9*l**2 + 19*l + 120. What is k(6)?
-90
Let k(l) = -2*l**2 + 7*l - 10. What is k(5)?
-25
Let l(g) = -g**2 + 13*g - 39. What is l(13)?
-39
Let j(p) = p**3 + 28*p**2 + 26*p - 16. Calculate j(-27).
11
Let o(f) = 63*f - 2976. Give o(41).
-393
Let y(b) = 815*b - 9785. What is y(12)?
-5
Let f(o) = -2*o**2 - 406*o + 3827. What is f(9)?
11
Let h(b) = -5*b - 173. Give h(-9).
-128
Let n(q) = -q**3 + 51*q**2 + 41*q + 585. Determine n(52).
13
Let k(b) = 7*b + 125. What is k(-16)?
13
Let g(k) = 82*k + 1479. Calculate g(-18).
3
Let r(g) = 6*g**2 + 102*g - 6. Determine r(-17).
-6
Let c(u) = 16*u**3 - u**2 + 4*u + 6. Give c(-1).
-15
Let x(j) = j**3 + 65*j**2 - 203*j + 30. Determine x(-68).
-38
Let u(i) = 12*i**2 - 384*i + 3065. What is u(17)?
5
Let q(m) = 42*m + 363. What is q(-10)?
-57
Let a(t) = -30*t**2 - 193*t - 65. Calculate a(-6).
13
Let d(m) = -4*m**3 - 21*m**2 + 19*m. Calculate d(-6).
-6
Let a(k) = 41*k**2 + 288*k + 9. Give a(-7).
2
Let p(m) = -1009*m - 79710. What is p(-79)?
1
Let s(l) = l**3 + 9*l**2 + 56*l + 55. Give s(-7).
-239
Let q(b) = -b**3 + 30*b**2 + 35*b - 119. Determine q(31).
5
Let f(p) = p**2 + 113*p - 3283. Calculate f(-137).
5
Let w(f) = -f**2 + 81*f - 1019. Calculate w(16).
21
Let h(o) = -10*o**3 - 37*o**2 + 102*o - 4. Calculate h(3).
-301
Let y(d) = 60*d - 572. Determine y(5).
-272
Let r(l) = l**3 + 14*l**2 - 243*l - 50. Give r(-24).
22
Let f(w) = -2*w**2 - 58*w - 553. Give f(-16).
-137
Let c(j) = -j**3 + 65*j**2 + 138*j - 105. Give c(67).
163
Let q(o) = o**2 + 16*o + 85. What is q(-20)?
165
Let y(v) = 5228*v + 193437. What is y(-37)?
1
Let t(b) = 54*b - 1726. Calculate t(25).
-376
Let q(s) = 50*s**2 + 188*s - 23. Give q(-4).
25
Let v(b) = 223*b + 1296. Calculate v(-6).
-42
Let v(d) = 1551*d + 7772. Determine v(-5).
17
Let m(r) = r**2 + 343*r + 42. Determine m(0).
42
Let a(g) = -170*g + 8494. Calculate a(50).
-6
Let d(x) = 6*x + 104. What is d(-13)?
26
Let t(k) = -161*k - 565. Give t(-9).
884
Let p(d) = -14*d + 1258. Determine p(91).
-16
Let r(f) = -5*f + 5. What is r(-19)?
100
Let f(l) = l**2 - 211*l + 3461. Give f(18).
-13
Let i(b) = b**2 + 318*b - 638. Calculate i(2).
2
Let q(j) = -2*j**2 - 24*j - 114. What is q(-9)?
-60
Let z(k) = -k**3 - 3*k**2 + 2*k - 13. Determine z(-5).
27
Let v(n) = -29*n + 1457. What is v(50)?
7
Let k(a) = -a**3 - 20*a**2 - 38*a. Give k(-2).
4
Let l(s) = -3*s**2 + 31*s + 568. Determine l(20).
-12
Let n(h) = 333*h - 326. Give n(1).
7
Let l(h) = h**3 - 51*h**2 + 61*h + 197. Give l(50).
747
Let j(x) = 373*x**3 - x**2 + 6*x + 8. Calculate j(-1).
-372
Let v(q) = -3*q**2 - 3*q + 53. Determine v(-5).
-7
Let t(c) = -10*c - 47. Calculate t(-5).
3
Let w(m) = 5*m**3 - 9*m**2 - 12*m + 68. Give w(-5).
-722
Let w(f) = 51*f**3 - f**2 + 21*f - 22. Determine w(1).
49
Let k(x) = -x**3 - 4*x**2 + 6*x - 8. Give k(-5).
-13
Let m(t) = -73*t - 690. Calculate m(-9).
-33
Let f(k) = -3*k**2 + 7*k + 20. Give f(5).
-20
Let a(w) = -6*w**3 + 88*w**2 - 94*w + 7. What is a(1)?
-5
Let y(r) = 3*r**3 - 23*r**2 - 234*r + 1804. Give y(8).
-4
Let f(c) = 11*c + 9. Calculate f(8).
97
Let d(c) = -6*c - 85. Determine d(-10).
-25
Let k(f) = f**3 - 112*f**2 + 435*f - 245. Determine k(108).
79
Let h(g) = -5*g + 54. What is h(11)?
-1
Let s(p) = p**3 + 16*p**2 - 80*p - 1399. What is s(-15)?
26
Let o(y) = -y**3 + 63*y**2 + 73*y - 580. Determine o(64).
-4
Let m(s) = s**3 - 6*s**2 + 555*s - 2747. Give m(5).
3
Let h(n) = 4*n**3 + 420*n**2 - 422*n + 210. Calculate h(-106).
-2
Let l(h) = -29*h**3 - 8*h - 5. What is l(-2)?
243
Let q(l) = 2*l**2 + 89*l - 105. Give q(-47).
130
Let c(p) = -2*p**2 - 14*p + 359. Determine c(11).
-37
Let o(v) = -2*v**3 + 64*v**2 - 309*v - 12. What is o(6)?
6
Let r(t) = 3*t - 161. What is r(0)?
-161
Let u(h) = h**2 - 55*h - 1803. Determine u(-23).
-9
Let o(d) = 7*d**2 + 85*d + 270. Give o(-6).
12
Let p(v) = v**3 + 8*v**2 - 25*v - 64. What is p(-10)?
-14
Let q(k) = -k**3 + 95*k**2 + 142*k - 4483. Calculate q(96).
-67
Let j(k) = k**2 - 40*k - 64. Calculate j(16).
-448
Let o(m) = 37*m + 6. What is o(1)?
43
Let z(h) = -h**3 + 25*h**2 - 135*h + 34. Determine z(18).
-128
Let o(d) = 2*d**3 + 40*d**2 + 34*d - 128. Calculate o(-19).
-52
Let p(t) = -370*t + 4797. Give p(13).
-13
Let o(t) = 7466*t - 149321. Give o(20).
-1
Let c(j) = j**3 - 56*j**2 + 257*j - 10. Give c(5).
0
Let x(w) = -9*w**2 - 268*w + 46. Give x(-30).
-14
Let p(y) = -932*y - 2802. Determine p(-3).
-6
Let t(d) = d**3 + 43*d**2 - 132*d + 63. Give t(-46).
-213
Let k(b) = 4*b**3 - 27*b**2 + 106*b - 10. Give k(4).
238
Let z(x) = -49*x**3 - 5*x**2 + 12*x - 8. What is z(2)?
-396
Let g(r) = -r**3 + 13*r**2 + 73*r + 367. Give g(18).
61
Let g(t) = -t**2 - 217*t + 1109. What is g(5)?
-1
Let i(l) = -268*l + 1874. Give i(7).
-2
Let k(o) = -o**3 - 32*o**2 + 238*o + 379. Calculate k(-38).
-1
Let p(o) = 2*o**3 - 58*o**2 - 84*o + 683. Calculate p(30).
-37
Let v(c) = -c**2 + 5289*c - 26420. Calculate v(5).
0
Let q(a) = 188*a - 952. Calculate q(5).
-12
Let g(q) = 166*q + 6038. Calculate g(-37).
-104
Let j(x) = -x**3 - x**2 + 23*x - 28. What is j(-6)?
14
Let g(r) = -15*r**2 + 24*r + 48. Calculate g(-2).
-60
Let h(u) = -u**2 - 18*u + 2. Give h(-21).
-61
Let w(f) = f**2 + 700*f + 78409. Determine w(-140).
9
Let w(f) = 11*f**2 - 24*f - 115. What is w(-7)?
592
Let c(m) = 69*m - 1383. What is c(24)?
273
Let n(l) = 9*l**3 + 449*l**2 - 46*l + 199. Give n(-50).
-1
Let m(i) = 7*i**2 - 320*i + 885. Determine m(43).
68
Let h(j) = j**3 + 17*j**2 - 18*j - 18. Give h(-18).
-18
Let a(p) = p**3 - 11*p**2 - 107*p + 907. Calculate a(14).
-3
Let f(d) = -7*d + 370. What is f(52)?
6
Let v(m) = 6*m**2 + 69*m - 115. What is v(-13)?
2
Let g(i) = 138*i - 93. Give g(5).
597
Let v(o) = 71*o**2 + 162*o + 3. Calculate v(-3).
156
Let o(q) = q**2 - 84*q - 4500. Determine o(122).
136
Let o(p) = -17*p + 816. Determine o(48).
0
Let f(n) = -3*n**3 - 192*n**2 + 204*n + 586. Calculate f(-65).
1
Let j(n) = -1445*n - 2889. Calculate j(-2).
1
Let w(g) = 17*g - 65. Give w(5).
20
Let l(r) = 5*r**2 + 147*r + 375. Determine l(-26).
-67
Let u(d) = 2*d**3 - 33*d**2 + 134*d - 1890. Give u(16).
-2
Let m(h) = 3036*h + 27323. Calculate m(-9).
-1
Let r(k) = -106*k - 1602. What is r(-18)?
306
Let b(n) = -n**3 + 19*n**2 - 29*n + 986. Give b(20).
6
Let h(z) = -5*z**3 - 43*z**2 - 20*z - 33. What is h(-6)?
-381
Let q(w) = -w**2 + 54*w - 659. Determine q(19).
6
Let h(b) = 25*b + 837. What is h(-27)?
162
Let o(d) = -3*d - 21. Determine o(-7).
0
Let g(n) = n - 13. Determine g(-23).
-36
Let o(w) = 552*w - 2769. Determine o(5).
-9
Let f(i) = -4*i**2 + 352*i - 1351. Determine f(4).
-7
Let o(j) = 3*j**3 - 55*j**2 - 41*j - 39. Determine o(19).
-96
Let s(t) = -10*t**3 - 5*t**2 - 6*t - 21. Calculate s(-3).
222
Let u(h) = -344*h - 8235. Give u(-24).
21
Let k(a) = -235*a + 52828. Give k(225).
-47
Let y(g) = -19*g - 1291. Calculate y(-58).
-189
Let q(t) = -t**3 + 38*t**2 + 132*t - 382. Give q(41).
-13
Let y(v) = 6*v**2 - 34*v + 97. What is y(4)?
57
Let s(d) = -d**2 + 38*d - 19. What is s(6)?
173
Let g(m) = 99*m + 1973. Give g(-20).
-7
Let x(a) = 2*a**3 + 31*a**2 + 60*a - 12. What is x(-2)?
-24
Let d(k) = -33*k - 2575. Give d(-77).
-34
Let s(d) = -d**3 + 9*d**2 - 5*d + 76. What is s(6)?
154
Let x(i) = -2*i**3 - 66*i**2 - 64*i - 21. What is x(-32)?
-21
Let f(l) = 18*l**3 - 121*l**2 - 37*l + 19. What is f(7)?
5
Let f(q) = -q**3 - 2*q**2 - 163*q - 484. Give f(-3).
14
Let f(a) = a**3 + a**2 - 17*a + 5. What is f(-5)?
-10
Let t(p) = 86*p**2 - 12*p - 27. Calculate t(-2).
341
Let t(q) = -35*q + 169. What is t(5)?
-6
Let x(t) = t**2 + 23*t + 130. Give x(-